s of 133772781?
3, 31, 1438417
List the prime factors of 23415287.
7, 477863
List the prime factors of 80113177.
19, 37, 83, 1373
List the prime factors of 62211616.
2, 1944113
What are the prime factors of 463195010?
2, 5, 46319501
List the prime factors of 3833475003.
3, 433, 983699
What are the prime factors of 154185837?
3, 13, 29, 136327
What are the prime factors of 1268077157?
19, 3109, 21467
List the prime factors of 1642495746.
2, 3, 47, 5824453
List the prime factors of 166661234.
2, 17, 4901801
What are the prime factors of 107467920?
2, 3, 5, 7, 21323
What are the prime factors of 2531016319?
13, 1889, 103067
List the prime factors of 1250073492.
2, 3, 104172791
What are the prime factors of 376814328?
2, 3, 11, 129757
List the prime factors of 82690082.
2, 31, 131, 10181
What are the prime factors of 2654696?
2, 11, 97, 311
What are the prime factors of 253023907?
71, 3563717
What are the prime factors of 51480445?
5, 10296089
What are the prime factors of 123680961?
3, 1901, 7229
List the prime factors of 302499882.
2, 3, 73, 230213
What are the prime factors of 6204938365?
5, 1240987673
List the prime factors of 3970122888.
2, 3, 165421787
List the prime factors of 252015327.
3, 17, 619, 887
What are the prime factors of 235136649?
3, 11, 7125353
List the prime factors of 2394104762.
2, 7, 7393, 23131
List the prime factors of 112740086.
2, 56370043
List the prime factors of 1871706888.
2, 3, 25995929
What are the prime factors of 3212546853?
3, 1070848951
List the prime factors of 38715069.
3, 17, 53, 14323
List the prime factors of 2115430314.
2, 3, 2969, 118751
What are the prime factors of 265036091?
265036091
What are the prime factors of 3814488531?
3, 7, 6727493
What are the prime factors of 38940050?
2, 5, 211, 3691
What are the prime factors of 556403590?
2, 5, 229, 242971
List the prime factors of 673173326.
2, 7, 83, 167, 3469
List the prime factors of 1359222846.
2, 3, 226537141
What are the prime factors of 287679742?
2, 7, 20548553
What are the prime factors of 56589752?
2, 19, 23, 16187
What are the prime factors of 164336403?
3, 7, 11, 23, 30931
List the prime factors of 1859632837.
1859632837
List the prime factors of 203091466.
2, 29, 347, 10091
List the prime factors of 724211883.
3, 17, 4733411
What are the prime factors of 537961229?
13, 41381633
What are the prime factors of 3641819?
3641819
What are the prime factors of 33972263?
13, 1451, 1801
What are the prime factors of 3209938801?
179, 853, 21023
What are the prime factors of 590503443?
3, 41, 4800841
List the prime factors of 515801699.
7, 73685957
List the prime factors of 683614523.
17, 40212619
What are the prime factors of 1214809198?
2, 607404599
List the prime factors of 258624153.
3, 53, 542189
What are the prime factors of 136235202?
2, 3, 22705867
List the prime factors of 380510035.
5, 37, 997, 2063
List the prime factors of 926912896.
2, 7, 13, 17, 31, 151
What are the prime factors of 4645526183?
4645526183
List the prime factors of 2153441664.
2, 3, 11, 169937
What are the prime factors of 3966526279?
19, 89, 2345669
What are the prime factors of 2893794?
2, 3, 29, 16631
List the prime factors of 841546000.
2, 5, 191, 2203
What are the prime factors of 43303866?
2, 3, 2141, 3371
List the prime factors of 56926593.
3, 71, 89087
What are the prime factors of 513882161?
13, 47, 67, 12553
What are the prime factors of 2970014161?
37, 2381, 33713
What are the prime factors of 319439216?
2, 59, 338389
What are the prime factors of 297674646?
2, 3, 191, 259751
What are the prime factors of 69231536?
2, 11, 393361
List the prime factors of 125888354.
2, 73, 862249
List the prime factors of 57610797.
3, 73, 263063
What are the prime factors of 74513929?
7, 443, 24029
List the prime factors of 2230337500.
2, 5, 113, 1579
What are the prime factors of 3208153460?
2, 5, 43, 71, 52541
List the prime factors of 447739451.
61, 7339991
List the prime factors of 2067357421.
9221, 224201
What are the prime factors of 1057331282?
2, 7, 113, 647, 1033
List the prime factors of 509973802.
2, 13, 23, 852799
What are the prime factors of 64462590?
2, 3, 5, 43, 16657
List the prime factors of 57777333.
3, 19259111
What are the prime factors of 127274402?
2, 47, 1353983
List the prime factors of 16095681.
3, 7, 255487
List the prime factors of 12356792.
2, 7, 263, 839
What are the prime factors of 245527355?
5, 271, 181201
What are the prime factors of 160828616?
2, 13, 19, 199, 409
List the prime factors of 768897878.
2, 7, 43, 89, 113, 127
List the prime factors of 3688990241.
79, 46696079
What are the prime factors of 233115533?
7, 2237, 14887
List the prime factors of 208616791.
461, 452531
What are the prime factors of 1556102155?
5, 29, 37, 290047
What are the prime factors of 148699547?
43, 229, 15101
What are the prime factors of 1318941422?
2, 659470711
List the prime factors of 2486371439.
101, 24617539
What are the prime factors of 40956536?
2, 17, 401, 751
List the prime factors of 997349248.
2, 7, 83, 13411
List the prime factors of 1471040469.
3, 251, 651191
What are the prime factors of 16736731?
11, 211, 7211
List the prime factors of 1267253792.
2, 7, 19, 297757
What are the prime factors of 7097982?
2, 3, 19, 29, 113
List the prime factors of 219698438.
2, 23, 43, 109, 1019
List the prime factors of 56546685.
3, 5, 13, 96661
List the prime factors of 1704211441.
19, 89695339
List the prime factors of 99695895.
3, 5, 13, 511261
What are the prime factors of 1745591931?
3, 64651553
List the prime factors of 209759211.
3, 23306579
What are the prime factors of 792086202?
2, 3, 17, 31957
What are the prime factors of 25098749?
13, 17, 337
What are the prime factors of 5693939994?
2, 3, 73, 12999863
List the prime factors of 52341168.
2, 3, 11, 99131
List the prime factors of 31195462.
2, 15597731
List the prime factors of 122917770.
2, 3, 5, 137, 3323
List the prime factors of 24123047.
13, 41, 45259
What are the prime factors of 72086892?
2, 3, 283, 21227
What are the prime factors of 360247045?
5, 23, 193, 16231
What are the prime factors of 349449169?
349449169
List the prime factors of 53970353.
839, 64327
List the prime factors of 103686419.
163, 197, 3229
List the prime factors of 38542545.
3, 5, 19, 61, 739
List the prime factors of 30316544.
2, 113, 131
What are the prime factors of 101805381?
3, 43, 263063
List the prime factors of 972775572.
2, 3, 383, 211657
List the prime factors of 89951045.
5, 23, 782183
List the prime factors of 165140513.
127, 1300319
What are the prime factors of 75100120?
2, 5, 1877503
What are the prime factors of 324585856?
2, 7, 193, 1877
List the prime factors of 672001804.
2, 19, 29, 304901
What are the prime factors of 134634055?
5, 26926811
List the prime factors of 122135431.
11, 1483, 7487
List the prime factors of 54700169.
17, 239, 13463
List the prime factors of 2953886218.
2, 67, 113, 373, 523
What are the prime factors of 137278738?
2, 68639369
What are the prime factors of 164471496?
2, 3, 7, 978997
What are the prime factors of 757025338?
2, 29, 13052161
List the prime factors of 79680942.
2, 3, 11, 53, 2531
What are the prime factors of 22505673?
3, 7501891
What are the prime factors of 780103473?
3, 853, 304847
What are the prime factors of 55912661?
7, 37, 61, 3539
List the prime factors of 114995373.
3, 43, 751, 1187
What are the prime factors of 66396516?
2, 3, 5533043
List the prime factors of 1431947675.
5, 6689, 8563
List the prime factors of 1359971307.
3, 151107923
List the prime factors of 1043253304.
2, 130406663
What are the prime factors of 1123941185?
5, 223, 577, 1747
What are the prime factors of 2008167104?
2, 31, 103, 317
List the prime factors of 175283104.
2, 233, 23509
List the prime factors of 3785482399.
41, 821, 112459
List the prime factors of 337444293.
3, 23, 4890497
What are the prime factors of 23251157?
73, 431, 739
List the prime factors of 49475494.
2, 191, 129517
What are the prime factors of 267474742?
2, 19, 557, 12637
What are the prime factors of 56793213?
3, 137, 46061
List the prime factors of 1365393.
3, 67, 6793
List the prime factors of 30640106.
2, 7, 349, 6271
List the prime factors of 64062101.
64062101
What are the prime factors of 4283997665?
5, 